en 1181 is divided by 357.
110
What is the remainder when 48905 is divided by 978?
5
Calculate the remainder when 25972 is divided by 222.
220
What is the remainder when 5598 is divided by 1227?
690
What is the remainder when 11878 is divided by 208?
22
Calculate the remainder when 4720 is divided by 1561.
37
What is the remainder when 1431248 is divided by 166?
162
Calculate the remainder when 29068 is divided by 17.
15
What is the remainder when 686153 is divided by 26?
13
What is the remainder when 106833 is divided by 8211?
90
Calculate the remainder when 27408 is divided by 29.
3
What is the remainder when 9218 is divided by 921?
8
What is the remainder when 246 is divided by 15?
6
What is the remainder when 17509 is divided by 106?
19
Calculate the remainder when 1166715 is divided by 194452.
3
What is the remainder when 8445 is divided by 75?
45
What is the remainder when 100526 is divided by 18?
14
What is the remainder when 268007 is divided by 12761?
26
Calculate the remainder when 12994 is divided by 155.
129
Calculate the remainder when 33884 is divided by 96.
92
What is the remainder when 876793 is divided by 1435?
8
What is the remainder when 310364 is divided by 99?
98
Calculate the remainder when 1216 is divided by 373.
97
What is the remainder when 640122 is divided by 18289?
7
Calculate the remainder when 427251 is divided by 6.
3
Calculate the remainder when 102398 is divided by 16.
14
What is the remainder when 278764 is divided by 8447?
13
What is the remainder when 3868 is divided by 1099?
571
What is the remainder when 106895 is divided by 524?
523
What is the remainder when 85135 is divided by 51?
16
Calculate the remainder when 3916 is divided by 196.
192
Calculate the remainder when 5394 is divided by 5341.
53
What is the remainder when 4021 is divided by 8?
5
Calculate the remainder when 100608 is divided by 112.
32
Calculate the remainder when 11641 is divided by 5796.
49
Calculate the remainder when 1206 is divided by 1118.
88
What is the remainder when 153879 is divided by 211?
60
Calculate the remainder when 3025 is divided by 1469.
87
Calculate the remainder when 2658239 is divided by 60.
59
What is the remainder when 1184 is divided by 47?
9
Calculate the remainder when 265 is divided by 141.
124
Calculate the remainder when 133964 is divided by 25.
14
What is the remainder when 1386527 is divided by 305?
302
Calculate the remainder when 68066 is divided by 154.
152
Calculate the remainder when 22945 is divided by 86.
69
What is the remainder when 312113 is divided by 51?
44
Calculate the remainder when 24077 is divided by 344.
341
Calculate the remainder when 145760 is divided by 36440.
0
Calculate the remainder when 7419 is divided by 1806.
195
What is the remainder when 2967 is divided by 371?
370
Calculate the remainder when 13599 is divided by 4376.
471
Calculate the remainder when 583488 is divided by 49.
45
Calculate the remainder when 20528 is divided by 2879.
375
Calculate the remainder when 2261 is divided by 224.
21
Calculate the remainder when 10407 is divided by 102.
3
What is the remainder when 62143 is divided by 23?
20
What is the remainder when 7145 is divided by 125?
20
Calculate the remainder when 57032 is divided by 310.
302
What is the remainder when 4450422 is divided by 103?
101
Calculate the remainder when 45121 is divided by 169.
167
Calculate the remainder when 14247 is divided by 4749.
0
Calculate the remainder when 664046 is divided by 552.
542
What is the remainder when 12401 is divided by 3061?
157
What is the remainder when 17262 is divided by 166?
164
Calculate the remainder when 2406092 is divided by 744.
740
Calculate the remainder when 14396 is divided by 899.
12
What is the remainder when 24750 is divided by 2379?
960
What is the remainder when 2547 is divided by 2383?
164
Calculate the remainder when 638777 is divided by 48.
41
Calculate the remainder when 265225 is divided by 265208.
17
Calculate the remainder when 236 is divided by 153.
83
Calculate the remainder when 1425 is divided by 98.
53
What is the remainder when 76222 is divided by 15241?
17
Calculate the remainder when 3667 is divided by 631.
512
What is the remainder when 113597 is divided by 71?
68
Calculate the remainder when 2448 is divided by 299.
56
What is the remainder when 958 is divided by 7?
6
What is the remainder when 268787 is divided by 39?
38
What is the remainder when 73407 is divided by 24?
15
Calculate the remainder when 591 is divided by 580.
11
Calculate the remainder when 5252 is divided by 688.
436
Calculate the remainder when 31773 is divided by 26.
1
What is the remainder when 1645979 is divided by 29?
26
What is the remainder when 1678 is divided by 1670?
8
Calculate the remainder when 128803 is divided by 93.
91
Calculate the remainder when 9146 is divided by 3045.
11
What is the remainder when 7358 is divided by 566?
0
Calculate the remainder when 1174 is divided by 260.
134
Calculate the remainder when 11607 is divided by 11594.
13
What is the remainder when 3797 is divided by 256?
213
Calculate the remainder when 519329 is divided by 8802.
11
What is the remainder when 13397 is divided by 484?
329
Calculate the remainder when 124791 is divided by 37.
27
What is the remainder when 11099 is divided by 17?
15
What is the remainder when 3653 is divided by 580?
173
What is the remainder when 6417 is divided by 579?
48
Calculate the remainder when 48454 is divided by 351.
16
Calculate the remainder when 18040 is divided by 575.
215
Calculate the remainder when 402279 is divided by 1156.
1147
What is the remainder when 8857 is divided by 521?
0
What is the remainder when 27637 is divided by 221?
12
Calculate the remainder when 290415 is divided by 63.
48
What is the remainder when 3775 is divided by 1806?
163
Calculate the remainder when 141923 is divided by 58.
55
Calculate the remainder when 13051 is divided by 4344.
19
What is the remainder when 7346 is divided by 229?
18
What is the remainder when 861732 is divided by 20?
12
What is the remainder when 5098 is divided by 1120?
618
What is the remainder when 48590 is divided by 1738?
1664
Calculate the remainder when 3951 is divided by 1971.
9
What is the remainder when 6273 is divided by 198?
135
Calculate the remainder when 16383 is divided by 304.
271
Calculate the remainder when 32519 is divided by 39.
32
Calculate the remainder when 14356 is divided by 4758.
82
What is the remainder when 370 is divided by 211?
159
Calculate the remainder when 45536 is divided by 460.
456
What is the remainder when 35337 is divided by 47?
40
What is the remainder when 689834 is divided by 14?
12
Calculate the remainder when 4662 is divided by 846.
432
Calculate the remainder when 6527 is divided by 136.
135
What is the remainder when 15533 is divided by 35?
28
Calculate the remainder when 985 is divided by 555.
430
Calculate the remainder when 789 is divided by 200.
189
Calculate the remainder when 17817 is divided by 1978.
15
Calculate the remainder when 370948 is divided by 114.
106
What is the remainder when 1767 is divided by 319?
172
What is the remainder when 51504 is divided by 9?
6
Calculate the remainder when 8144 is divided by 8138.
6
What is the remainder when 147260 is divided by 59?
55
Calculate the remainder when 7112 is divided by 1414.
42
Calculate the remainder when 10149 is divided by 507.
9
Calculate the remainder when 90024 is divided by 30.
24
Calculate the remainder when 1261611 is divided by 215.
206
What is the remainder when 4910 is divided by 145?
125
What is the remainder when 153413 is divided by 17?
5
What is the remainder when 33760 is divided by 3749?
19
Calculate the remainder when 6668 is divided by 599.
79
What is the remainder when 3044 is divided by 144?
20
Calculate the remainder when 169676 is divided by 8.
4
Calculate the remainder when 1573 is divided by 75.
73
What is the remainder when 28821 is divided by 506?
485
What is the remainder when 90714 is divided by 210?
204
Calculate the remainder when 4838 is divided by 486.
464
What is the remainder when 47443 is divided by 20?
3
What is the remainder when 474465 is divided by 76?
73
Calculate the remainder when 19437 is divided by 142.
125
What is the remain